{"id":731,"date":"2018-01-31T12:43:18","date_gmt":"2018-01-31T15:43:18","guid":{"rendered":"https:\/\/casasama.org.br\/?page_id=731"},"modified":"2018-01-31T12:43:32","modified_gmt":"2018-01-31T15:43:32","slug":"super-lua-eclipse-lunar-31012018","status":"publish","type":"page","link":"https:\/\/casasama.org.br\/index.php\/espiritismo\/mensagens\/super-lua-eclipse-lunar-31012018\/","title":{"rendered":"SUPER LUA ECLIPSE 31\/01\/2018"},"content":{"rendered":"<p style=\"text-align: center;\"><span style=\"font-size: 14pt;\"><strong>Este eclipse teve seu \u00e1pice hoje dia 31 de janeiro \u00e0s 8:45 da manh\u00e3, e continuar\u00e1 a reverberar sua emana\u00e7\u00f5es por mais algumas semanas (de 3 a 5 semanas). Sendo assim, este fen\u00f4meno possibilitar\u00e1 que nosso campo \u00e1urico seja elevado a um padr\u00e3o que almas, esp\u00edritos e seres de baixa vibra\u00e7\u00e3o ter\u00e3o grande dificuldade de nos alcan\u00e7ar ou atingir. Ent\u00e3o que saibamos nos permitir assimilar essas boas vibra\u00e7\u00f5es, conforme orienta\u00e7\u00e3o do texto que segue, aproveitando o momento para uma grande &#8216;faxina&#8217; em nossa alma, em todo nosso &#8216;ser&#8217;. Eterna Gratid\u00e3o!!!<\/strong><\/span><\/p>\n<p><img loading=\"lazy\" decoding=\"async\" class=\"alignnone size-full wp-image-732\" src=\"https:\/\/casasama.org.br\/wp-content\/uploads\/2018\/01\/Super-Lua-Eclipse-pg-01-31.01.18.jpg\" alt=\"\" width=\"3426\" height=\"6144\" srcset=\"https:\/\/casasama.org.br\/wp-content\/uploads\/2018\/01\/Super-Lua-Eclipse-pg-01-31.01.18.jpg 3426w, https:\/\/casasama.org.br\/wp-content\/uploads\/2018\/01\/Super-Lua-Eclipse-pg-01-31.01.18-167x300.jpg 167w, https:\/\/casasama.org.br\/wp-content\/uploads\/2018\/01\/Super-Lua-Eclipse-pg-01-31.01.18-768x1377.jpg 768w, https:\/\/casasama.org.br\/wp-content\/uploads\/2018\/01\/Super-Lua-Eclipse-pg-01-31.01.18-571x1024.jpg 571w\" sizes=\"(max-width: 3426px) 100vw, 3426px\" \/> <img loading=\"lazy\" decoding=\"async\" class=\"alignnone size-full wp-image-733\" src=\"https:\/\/casasama.org.br\/wp-content\/uploads\/2018\/01\/Super-Lua-Eclipse-pg-02-31.01.18.jpg\" alt=\"\" width=\"3404\" height=\"6691\" srcset=\"https:\/\/casasama.org.br\/wp-content\/uploads\/2018\/01\/Super-Lua-Eclipse-pg-02-31.01.18.jpg 3404w, https:\/\/casasama.org.br\/wp-content\/uploads\/2018\/01\/Super-Lua-Eclipse-pg-02-31.01.18-153x300.jpg 153w, https:\/\/casasama.org.br\/wp-content\/uploads\/2018\/01\/Super-Lua-Eclipse-pg-02-31.01.18-768x1510.jpg 768w, https:\/\/casasama.org.br\/wp-content\/uploads\/2018\/01\/Super-Lua-Eclipse-pg-02-31.01.18-521x1024.jpg 521w\" sizes=\"(max-width: 3404px) 100vw, 3404px\" \/><\/p>\n","protected":false},"excerpt":{"rendered":"<p>Este eclipse teve seu \u00e1pice hoje dia 31 de janeiro \u00e0s 8:45 da manh\u00e3, e continuar\u00e1 a reverberar sua emana\u00e7\u00f5es por mais algumas semanas (de 3 a 5 semanas). Sendo assim, este fen\u00f4meno possibilitar\u00e1 que nosso campo \u00e1urico seja elevado&hellip; <\/p>\n","protected":false},"author":1,"featured_media":0,"parent":666,"menu_order":3,"comment_status":"closed","ping_status":"closed","template":"","meta":{"om_disable_all_campaigns":false,"ngg_post_thumbnail":0,"_joinchat":[],"footnotes":""},"aioseo_notices":[],"_links":{"self":[{"href":"https:\/\/casasama.org.br\/index.php\/wp-json\/wp\/v2\/pages\/731"}],"collection":[{"href":"https:\/\/casasama.org.br\/index.php\/wp-json\/wp\/v2\/pages"}],"about":[{"href":"https:\/\/casasama.org.br\/index.php\/wp-json\/wp\/v2\/types\/page"}],"author":[{"embeddable":true,"href":"https:\/\/casasama.org.br\/index.php\/wp-json\/wp\/v2\/users\/1"}],"replies":[{"embeddable":true,"href":"https:\/\/casasama.org.br\/index.php\/wp-json\/wp\/v2\/comments?post=731"}],"version-history":[{"count":2,"href":"https:\/\/casasama.org.br\/index.php\/wp-json\/wp\/v2\/pages\/731\/revisions"}],"predecessor-version":[{"id":735,"href":"https:\/\/casasama.org.br\/index.php\/wp-json\/wp\/v2\/pages\/731\/revisions\/735"}],"up":[{"embeddable":true,"href":"https:\/\/casasama.org.br\/index.php\/wp-json\/wp\/v2\/pages\/666"}],"wp:attachment":[{"href":"https:\/\/casasama.org.br\/index.php\/wp-json\/wp\/v2\/media?parent=731"}],"curies":[{"name":"wp","href":"https:\/\/api.w.org\/{rel}","templated":true}]}}