{"id":622,"date":"2017-08-17T18:00:20","date_gmt":"2017-08-17T21:00:20","guid":{"rendered":"https:\/\/casasama.org.br\/?page_id=622"},"modified":"2017-08-17T18:12:12","modified_gmt":"2017-08-17T21:12:12","slug":"oracao-mahatma-gandhi","status":"publish","type":"page","link":"https:\/\/casasama.org.br\/index.php\/oracoes\/oracao-mahatma-gandhi\/","title":{"rendered":"ORA\u00c7\u00c3O MAHATMA GANDHI"},"content":{"rendered":"<h1 style=\"text-align: center;\"><span style=\"font-family: 'book antiqua', palatino, serif;\">GANDHI ORAVA ASSIM&#8230;<\/span><\/h1>\n<p style=\"text-align: center;\"><img loading=\"lazy\" decoding=\"async\" class=\"alignnone size-thumbnail wp-image-623\" src=\"https:\/\/casasama.org.br\/wp-content\/uploads\/2017\/08\/mahatma-gandhi-33-150x150.jpg\" alt=\"\" width=\"150\" height=\"150\"><\/p>\n<p style=\"text-align: center;\"><span style=\"font-family: 'book antiqua', palatino, serif; font-size: 14pt; color: #000000;\">Senhor\u2026<\/span><br \/>\n<span style=\"font-family: 'book antiqua', palatino, serif; font-size: 14pt; color: #000000;\">Ajuda-me a dizer a verdade diante dos fortes<\/span><br \/>\n<span style=\"font-family: 'book antiqua', palatino, serif; font-size: 14pt; color: #000000;\">e a n\u00e3o dizer mentiras para ganhar o aplauso dos fracos.<\/span><br \/>\n<span style=\"font-family: 'book antiqua', palatino, serif; font-size: 14pt; color: #000000;\">Se me d\u00e1s fortuna, n\u00e3o me tires a raz\u00e3o.<\/span><br \/>\n<span style=\"font-family: 'book antiqua', palatino, serif; font-size: 14pt; color: #000000;\">Se me d\u00e1s o sucesso, n\u00e3o me tires a humildade.<\/span><br \/>\n<span style=\"font-family: 'book antiqua', palatino, serif; font-size: 14pt; color: #000000;\">Se me d\u00e1s humildade, n\u00e3o me tires a dignidade.<\/span><br \/>\n<span style=\"font-family: 'book antiqua', palatino, serif; font-size: 14pt; color: #000000;\">Ajuda-me a enxergar o outro lado da moeda.<\/span><br \/>\n<span style=\"font-family: 'book antiqua', palatino, serif; font-size: 14pt; color: #000000;\">N\u00e3o me deixes acusar o outro por trai\u00e7\u00e3o aos demais,<\/span><br \/>\n<span style=\"font-family: 'book antiqua', palatino, serif; font-size: 14pt; color: #000000;\">apenas por n\u00e3o pensar igual a mim.<\/span><br \/>\n<span style=\"font-family: 'book antiqua', palatino, serif; font-size: 14pt; color: #000000;\">Ensina-me a amar aos outros como a mim mesmo.<\/span><br \/>\n<span style=\"font-family: 'book antiqua', palatino, serif; font-size: 14pt; color: #000000;\">N\u00e3o deixes que me torne orgulhoso se triunfo,<\/span><br \/>\n<span style=\"font-family: 'book antiqua', palatino, serif; font-size: 14pt; color: #000000;\">nem cair em desespero se fracasso.<\/span><br \/>\n<span style=\"font-family: 'book antiqua', palatino, serif; font-size: 14pt; color: #000000;\">Mas recorda-me que o fracasso<\/span><br \/>\n<span style=\"font-family: 'book antiqua', palatino, serif; font-size: 14pt; color: #000000;\">\u00e9 a experi\u00eancia que precede ao triunfo.<\/span><br \/>\n<span style=\"font-family: 'book antiqua', palatino, serif; font-size: 14pt; color: #000000;\">Ensina-me que perdoar \u00e9 um sinal de grandeza<\/span><br \/>\n<span style=\"font-family: 'book antiqua', palatino, serif; font-size: 14pt; color: #000000;\">e que a vingan\u00e7a \u00e9 um sinal de baixeza.<\/span><br \/>\n<span style=\"font-family: 'book antiqua', palatino, serif; font-size: 14pt; color: #000000;\">Se n\u00e3o me deres o \u00eaxito, d\u00e1-me for\u00e7as para aprender com o fracasso.<\/span><br \/>\n<span style=\"font-family: 'book antiqua', palatino, serif; font-size: 14pt; color: #000000;\">Se eu ofender as pessoas, d\u00e1-me a coragem para desculpar-me,<\/span><br \/>\n<span style=\"font-family: 'book antiqua', palatino, serif; font-size: 14pt; color: #000000;\">e se as pessoas me ofenderem, d\u00e1-me a grandeza de perdo\u00e1-las.<\/span><br \/>\n<span style=\"font-family: 'book antiqua', palatino, serif; font-size: 14pt; color: #000000;\">Senhor , se eu me esquecer de ti , nunca te esque\u00e7as de mim\u201d.<\/span><\/p>\n<p style=\"text-align: center;\"><span style=\"font-family: 'book antiqua', palatino, serif; font-size: 14pt; color: #000000;\">Mahatma Gandhi<\/span><\/p>\n","protected":false},"excerpt":{"rendered":"<p>GANDHI ORAVA ASSIM&#8230; Senhor\u2026 Ajuda-me a dizer a verdade diante dos fortes e a n\u00e3o dizer mentiras para ganhar o aplauso dos fracos. Se me d\u00e1s fortuna, n\u00e3o me tires a raz\u00e3o. Se me d\u00e1s o sucesso, n\u00e3o me tires&hellip; <\/p>\n","protected":false},"author":1,"featured_media":0,"parent":284,"menu_order":10,"comment_status":"closed","ping_status":"closed","template":"","meta":{"om_disable_all_campaigns":false,"ngg_post_thumbnail":0,"_joinchat":[],"footnotes":""},"aioseo_notices":[],"_links":{"self":[{"href":"https:\/\/casasama.org.br\/index.php\/wp-json\/wp\/v2\/pages\/622"}],"collection":[{"href":"https:\/\/casasama.org.br\/index.php\/wp-json\/wp\/v2\/pages"}],"about":[{"href":"https:\/\/casasama.org.br\/index.php\/wp-json\/wp\/v2\/types\/page"}],"author":[{"embeddable":true,"href":"https:\/\/casasama.org.br\/index.php\/wp-json\/wp\/v2\/users\/1"}],"replies":[{"embeddable":true,"href":"https:\/\/casasama.org.br\/index.php\/wp-json\/wp\/v2\/comments?post=622"}],"version-history":[{"count":4,"href":"https:\/\/casasama.org.br\/index.php\/wp-json\/wp\/v2\/pages\/622\/revisions"}],"predecessor-version":[{"id":632,"href":"https:\/\/casasama.org.br\/index.php\/wp-json\/wp\/v2\/pages\/622\/revisions\/632"}],"up":[{"embeddable":true,"href":"https:\/\/casasama.org.br\/index.php\/wp-json\/wp\/v2\/pages\/284"}],"wp:attachment":[{"href":"https:\/\/casasama.org.br\/index.php\/wp-json\/wp\/v2\/media?parent=622"}],"curies":[{"name":"wp","href":"https:\/\/api.w.org\/{rel}","templated":true}]}}