{"id":487,"date":"2017-07-10T00:54:15","date_gmt":"2017-07-10T03:54:15","guid":{"rendered":"https:\/\/casasama.org.br\/?page_id=487"},"modified":"2017-07-16T17:10:34","modified_gmt":"2017-07-16T20:10:34","slug":"mantras","status":"publish","type":"page","link":"https:\/\/casasama.org.br\/index.php\/oracoes\/mantras\/","title":{"rendered":"MANTRAS"},"content":{"rendered":"<p style=\"text-align: center;\"><em><span style=\"font-family: 'book antiqua', palatino, serif; font-size: 24pt; color: #000000;\"><strong>MANTRA<\/strong><\/span><\/em><\/p>\n<p><img loading=\"lazy\" decoding=\"async\" class=\"alignnone size-full wp-image-612 aligncenter\" src=\"https:\/\/casasama.org.br\/wp-content\/uploads\/2017\/07\/idanewanimated-300x300.gif\" alt=\"\" width=\"300\" height=\"300\"><\/p>\n<p><span style=\"font-family: 'book antiqua', palatino, serif; font-size: 14pt; color: #000000;\">A palavra mantra \u00e9 composta pelas s\u00edlabas man (mente) e tra (entrega), em s\u00e2nscrito, antigo idioma da \u00cdndia, e este termo significa &#8216;controle da mente&#8217;. O mantra \u00e9 repetido de forma a auxiliar a concentra\u00e7\u00e3o no momento que precisar de foco especifico e durante ora\u00e7\u00f5es repetidas, louvores e medita\u00e7\u00e3o.<\/span><\/p>\n<p><span style=\"font-family: 'book antiqua', palatino, serif; font-size: 14pt; color: #000000;\">Tem origem nos Vedas, livros sagrados indianos compilados pela primeira vez em 3000 a.C., mas acredita-se que estas tradi\u00e7\u00f5es passam de 8.000 anos. Essas escrituras comp\u00f5em-se de 4 mil sutras, dos quais foram extra\u00eddos milhares de mantras que atribu\u00edam caracter\u00edsticas relacionadas aos deuses, como amor, compaix\u00e3o, bondade, prote\u00e7\u00e3o&#8230;<\/span><\/p>\n<p><span style=\"font-family: 'book antiqua', palatino, serif; font-size: 14pt; color: #000000;\">Existem mantras em outros idiomas:&nbsp; Os mantras Tibetanos s\u00e3o entoados como ora\u00e7\u00f5es repetidas. O&nbsp;<a style=\"color: #000000;\" href=\"https:\/\/pt.wikipedia.org\/wiki\/Mahayana\">budismo mahayana<\/a>&nbsp;do&nbsp;<a style=\"color: #000000;\" href=\"https:\/\/pt.wikipedia.org\/wiki\/Tibete\">Tibete<\/a>&nbsp;usa mantras em&nbsp;<a style=\"color: #000000;\" href=\"https:\/\/pt.wikipedia.org\/wiki\/L%C3%ADngua_tibetana\">tibetano<\/a>, o&nbsp;<a style=\"color: #000000;\" href=\"https:\/\/pt.wikipedia.org\/wiki\/Zen\">zen-budismo<\/a>&nbsp;do Jap\u00e3o os usa em&nbsp;<a style=\"color: #000000;\" href=\"https:\/\/pt.wikipedia.org\/wiki\/L%C3%ADngua_japonesa\">japon\u00eas<\/a>, os cabalistas usam mantras em Hebraico, n\u00f3s da Casa S.A.M.A. usamos&nbsp; mantras cuja fon\u00e9tica ativa padr\u00f5es energ\u00e9ticos no nosso campo eletromagn\u00e9tico para que ocorra expans\u00e3o \u00e1urica que favore\u00e7a a expans\u00e3o consciencial necess\u00e1ria ao padr\u00e3o espec\u00edfico, para que se atinja o objetivo do mantra e interaja absorvendo seus benef\u00edcios. Alguns dos mantras realizados trazem resultados inimagin\u00e1veis. O Reiki, em suas aplica\u00e7\u00f5es acontece com a imposi\u00e7\u00e3o das m\u00e3os e pelo uso dos s\u00edmbolos com seus respectivos \u2018mantras\u2019 , que s\u00e3o kanji (ideogramas que para n\u00f3s se assemelham \u00e0s s\u00edlabas) em japon\u00eas.<\/span><\/p>\n<p><span style=\"font-family: 'book antiqua', palatino, serif; font-size: 14pt; color: #000000;\">No <a style=\"color: #000000;\" href=\"https:\/\/pt.wikipedia.org\/wiki\/S%C3%A9culo_XX\">s\u00e9culo XX<\/a>, foi encontrado em Hong Kong, mantras cuja l\u00edngua ningu\u00e9m sabia identificar e que pareciam uma altera\u00e7\u00e3o de um original s\u00e2nscrito.<\/span><\/p>\n<p><span style=\"font-family: 'book antiqua', palatino, serif; font-size: 14pt; color: #000000;\">Para algumas escolas, especificamente as de fundamenta\u00e7\u00e3o t\u00e9cnica, mantra pode ser qualquer som, s\u00edlaba, palavra, frase ou texto, que detenha um poder espec\u00edfico. Por\u00e9m, \u00e9 fundamental que perten\u00e7a a uma&nbsp;<a style=\"color: #000000;\" href=\"https:\/\/pt.wikipedia.org\/wiki\/L%C3%ADngua_morta\">l\u00edngua morta<\/a> ou grupos de grafemas, fonemas de significado desconhecido, na qual os significados e as&nbsp;<a style=\"color: #000000;\" href=\"https:\/\/pt.wikipedia.org\/wiki\/Pron%C3%BAncia\">pron\u00fancias<\/a>&nbsp;n\u00e3o sofram a eros\u00e3o dos&nbsp;<a style=\"color: #000000;\" href=\"https:\/\/pt.wikipedia.org\/wiki\/Varia%C3%A7%C3%A3o_lingu%C3%ADstica\">regionalismos<\/a>&nbsp;por causa da evolu\u00e7\u00e3o da l\u00edngua.<\/span><\/p>\n<p><span style=\"font-family: 'book antiqua', palatino, serif; font-size: 14pt; color: #000000;\">Existem mantras para facilitar a concentra\u00e7\u00e3o e medita\u00e7\u00e3o, para reverenciar, mantras para energizar, para prote\u00e7\u00e3o, para toda e qualquer necessidade que se fizer priorizar.<\/span><\/p>\n<p><span style=\"font-family: 'book antiqua', palatino, serif; font-size: 14pt; color: #000000;\">Todo mantra possui um som, o som de sua pronuncia. Como o som \u00e9 uma vibra\u00e7\u00e3o, pronunciar ou ouvir os mantras cotidianamente \u00e9, para os hindus, a forma de ativar as qualidades divinas, abrindo nossas mentes e nossos cora\u00e7\u00f5es para os planos superiores, cientes que tais fonemas foram combinados por grandes Mestres dos Planos Superiores das dimens\u00f5es em Luz, conhecedores de suas boas influencias em nossa mente, em nossa psique, em nossa alma, em nosso \u2018ser\u2019.<\/span><\/p>\n<p><span style=\"font-family: 'book antiqua', palatino, serif; font-size: 14pt; color: #000000;\">Com intuito de confirmar essas informa\u00e7\u00f5es oferecidas pelos que realizam mantra com certa frequ\u00eancia,<\/span><\/p>\n<p><span style=\"font-family: 'book antiqua', palatino, serif; font-size: 14pt; color: #000000;\">realizaram testes de laborat\u00f3rio que mostraram que o ADN &nbsp;das c\u00e9lulas estaminais pode ser alterada usando frequ\u00eancias de campo magn\u00e9tico&#8230;<\/span><\/p>\n<p><span style=\"font-family: 'book antiqua', palatino, serif; font-size: 14pt; color: #000000;\">Um exemplo da efic\u00e1cia de um mantra consiste na s\u00edlaba sagrada<strong> &#8220;OM<\/strong>&#8220;. A repeti\u00e7\u00e3o desta s\u00edlaba \u00e9 provavelmente o mantra mais conhecido, que serve para causar um estado de tranquilidade e paz interior, entre outras quest\u00f5es&#8230;<\/span><\/p>\n<p>&nbsp;<\/p>\n<p><span style=\"font-family: 'book antiqua', palatino, serif; font-size: 14pt; color: #000000;\">Ao longo dos anos alguns estudiosos e pesquisadores ocidentais, chegaram ao oriente para tentar explicar o porqu\u00ea dos mantras produzem os efeitos esperados. Investigando as culturas indiana e chinesa conclu\u00edram que o mantra possui uma energia sonora que movimenta outras energias que envolvem quem o entoa. Tamb\u00e9m foi observado que n\u00e3o importa a corre\u00e7\u00e3o da pron\u00fancia: encontrou o mesmo mantra entoado de forma muito diferente em pa\u00edses diversos, e sempre produzindo os efeitos esperados, sendo constatado que n\u00e3o \u00e9 necess\u00e1rio o rigor com a pronuncia e saber o significado das palavras ditas. Lembrando que estas pesquisas foram feitas em pa\u00edses que mantralizam h\u00e1 mil\u00eanios. J\u00e1 no ocidente, os mantras feitos sem a correspondente idea\u00e7\u00e3o, significado e pronuncia, tornam-se apenas um conjunto de letras mecanicamente pronunciadas. E muitas vezes poder\u00e1 ocorrer de n\u00e3o produzir nenhum efeito, mesmo se repetidas um bilh\u00e3o de vezes. Talvez por n\u00e3o fazer parte de nossa etnia cultural, e por sermos muito racionais, mentais e ainda sem muita convic\u00e7\u00e3o do \u2018poder do som\u2019 como ferramenta de harmoniza\u00e7\u00e3o, equil\u00edbrio e cura.<\/span><\/p>\n<p><span style=\"font-family: 'book antiqua', palatino, serif; font-size: 14pt; color: #000000;\"><strong>Para entoar um mantra basta ficar em ambiente calmo e se poss\u00edvel, silencioso, mantralizando mentalmente ou em som aud\u00edvel, de acordo com o interesse de quem o realiza.<\/strong><\/span><\/p>\n<p><span style=\"font-family: 'book antiqua', palatino, serif; font-size: 14pt; color: #000000;\">Tradicionalmente, um n\u00famero razo\u00e1vel de repeti\u00e7\u00f5es \u00e9 108. Para um mantra polissil\u00e1bico os orientais realizam, por exemplo, uma pr\u00e1tica de 20 minutos, em m\u00e9dia. No entanto, existem pr\u00e1ticas que s\u00e3o realizadas mil repeti\u00e7\u00f5es di\u00e1rias, at\u00e9 completar 2.400.000 no per\u00edodo de sete anos. Se o mantra tiver 24 s\u00edlabas, por exemplo, teremos cem mil repeti\u00e7\u00f5es por cada uma das 24 s\u00edlabas do mantra.<\/span><\/p>\n<p><span style=\"font-family: 'book antiqua', palatino, serif; font-size: 14pt; color: #000000;\">Todos n\u00f3s sabemos da import\u00e2ncia que as palavras desempenham em nossas vidas, sendo um ve\u00edculo indispens\u00e1vel \u00e0 comunica\u00e7\u00e3o neste plano e em outros planos sutis. Desse modo Ora\u00e7\u00f5es e Mantras sempre ser\u00e3o bem vindos se estiverem focados no positivismo humanista e em nosso desenvolvimento, evolu\u00e7\u00e3o.<\/span><\/p>\n<p><span style=\"font-family: 'book antiqua', palatino, serif; font-size: 14pt; color: #000000;\">E podemos inclusive destacar alguns comandos mentais, contidos na B\u00edblia, que se repetem nos deixando a certeza da import\u00e2ncia do bom uso das palavras. Como por exemplo, o mais evidente est\u00e1 no primeiro cap\u00edtulo do Genesis, onde Deus cria o mundo com um comando mental e continua criando o que deve ser manifestado sobre este mundo; e a cada coisa criada, Ele, Deus, determina que se cumpra o seu objetivo de ser: &#8220;Deus disse: &#8220;Fa\u00e7a-se a luz&#8221;! E a luz se fez.&#8221; (Genesis 1,3) &#8221; Deus disse: &#8220;A terra fa\u00e7a brotar vegeta\u00e7\u00e3o: plantas, que d\u00eaem sementes, e \u00e1rvores frut\u00edferas, que d\u00eaem fruto sobre a terra, tendo em si a semente de sua esp\u00e9cie&#8221; E assim se fez.&#8221; (Genesis 1,11). &nbsp;E observando, refletindo, perceberemos que a express\u00e3o \u201cse fez\u201d, se repete a cada comando efetuado, nos deixando a sensa\u00e7\u00e3o de que cumpriria a fun\u00e7\u00e3o, o efeito de um mantra.<\/span><\/p>\n<p><span style=\"font-family: 'book antiqua', palatino, serif; font-size: 14pt; color: #000000;\">Abaixo um prov\u00e9rbio tibetano que salienta muito bem a for\u00e7a da palavra:<\/span><\/p>\n<p><span style=\"font-family: 'book antiqua', palatino, serif; font-size: 14pt; color: #000000;\">&nbsp;&nbsp;&nbsp;&nbsp; &nbsp;&nbsp;&nbsp;&nbsp;&nbsp;&nbsp;&nbsp;&nbsp;&nbsp;As palavras n\u00e3o tem nem pontas, nem corte, <\/span><br \/>\n<span style=\"font-family: 'book antiqua', palatino, serif; font-size: 14pt; color: #000000;\"> &nbsp;&nbsp;&nbsp;&nbsp;&nbsp;&nbsp;&nbsp;&nbsp;&nbsp;&nbsp;&nbsp;&nbsp;&nbsp; Mas podem ferir o cora\u00e7\u00e3o de um homem.<\/span><\/p>\n<p><span style=\"font-family: 'book antiqua', palatino, serif; font-size: 14pt; color: #000000;\">Se permita experienciar os Mantras, com o tempo voc\u00ea ir\u00e1 desenvolver ainda mais a disciplina, boa sintonia e estar receptivos \u00e0s b\u00ean\u00e7\u00e3os&#8230; Revitalizando nossa energia, determina\u00e7\u00e3o, coragem,&nbsp; e F\u00e9&nbsp; em mantermos nosso prop\u00f3sito de vida em excel\u00eancia.<\/span><\/p>\n<p><span style=\"font-family: 'book antiqua', palatino, serif; font-size: 14pt; color: #000000;\">Sauda\u00e7\u00f5es Cr\u00edsticas, Gratid\u00e3o!<\/span><\/p>\n","protected":false},"excerpt":{"rendered":"<p>MANTRA A palavra mantra \u00e9 composta pelas s\u00edlabas man (mente) e tra (entrega), em s\u00e2nscrito, antigo idioma da \u00cdndia, e este termo significa &#8216;controle da mente&#8217;. O mantra \u00e9 repetido de forma a auxiliar a concentra\u00e7\u00e3o no momento que precisar&hellip; <\/p>\n","protected":false},"author":1,"featured_media":0,"parent":284,"menu_order":7,"comment_status":"closed","ping_status":"closed","template":"","meta":{"om_disable_all_campaigns":false,"ngg_post_thumbnail":0,"_joinchat":[],"footnotes":""},"aioseo_notices":[],"_links":{"self":[{"href":"https:\/\/casasama.org.br\/index.php\/wp-json\/wp\/v2\/pages\/487"}],"collection":[{"href":"https:\/\/casasama.org.br\/index.php\/wp-json\/wp\/v2\/pages"}],"about":[{"href":"https:\/\/casasama.org.br\/index.php\/wp-json\/wp\/v2\/types\/page"}],"author":[{"embeddable":true,"href":"https:\/\/casasama.org.br\/index.php\/wp-json\/wp\/v2\/users\/1"}],"replies":[{"embeddable":true,"href":"https:\/\/casasama.org.br\/index.php\/wp-json\/wp\/v2\/comments?post=487"}],"version-history":[{"count":6,"href":"https:\/\/casasama.org.br\/index.php\/wp-json\/wp\/v2\/pages\/487\/revisions"}],"predecessor-version":[{"id":617,"href":"https:\/\/casasama.org.br\/index.php\/wp-json\/wp\/v2\/pages\/487\/revisions\/617"}],"up":[{"embeddable":true,"href":"https:\/\/casasama.org.br\/index.php\/wp-json\/wp\/v2\/pages\/284"}],"wp:attachment":[{"href":"https:\/\/casasama.org.br\/index.php\/wp-json\/wp\/v2\/media?parent=487"}],"curies":[{"name":"wp","href":"https:\/\/api.w.org\/{rel}","templated":true}]}}