{"id":350,"date":"2017-07-04T12:40:52","date_gmt":"2017-07-04T15:40:52","guid":{"rendered":"https:\/\/casasama.org.br\/?page_id=350"},"modified":"2017-07-04T12:42:34","modified_gmt":"2017-07-04T15:42:34","slug":"conexao-c-espiritualidade","status":"publish","type":"page","link":"https:\/\/casasama.org.br\/index.php\/oracoes\/conexao-c-espiritualidade\/","title":{"rendered":"CONEX\u00c3O c\/ ESPIRITUALIDADE"},"content":{"rendered":"<p style=\"text-align: center;\"><img loading=\"lazy\" decoding=\"async\" class=\"alignnone size-full wp-image-294\" src=\"https:\/\/casasama.org.br\/wp-content\/uploads\/2017\/07\/cropped-LOGO-SAMA-Jesus-Marca-Dagua-1.png\" alt=\"\" width=\"1500\" height=\"389\" srcset=\"https:\/\/casasama.org.br\/wp-content\/uploads\/2017\/07\/cropped-LOGO-SAMA-Jesus-Marca-Dagua-1.png 1500w, https:\/\/casasama.org.br\/wp-content\/uploads\/2017\/07\/cropped-LOGO-SAMA-Jesus-Marca-Dagua-1-300x78.png 300w, https:\/\/casasama.org.br\/wp-content\/uploads\/2017\/07\/cropped-LOGO-SAMA-Jesus-Marca-Dagua-1-768x199.png 768w, https:\/\/casasama.org.br\/wp-content\/uploads\/2017\/07\/cropped-LOGO-SAMA-Jesus-Marca-Dagua-1-1024x266.png 1024w\" sizes=\"(max-width: 1500px) 100vw, 1500px\" \/><span style=\"font-size: 24pt;\"><strong style=\"color: #000000; font-size: 18pt; text-align: center;\">PRECE de CONEX\u00c3O com nossa Espiritualidade<\/strong><\/span><\/p>\n<p style=\"text-align: center;\"><span style=\"font-size: 14pt; color: #000000;\"><strong>Prece para todos os dias em especial ao per\u00edodo da QUARESMA<\/strong><\/span><\/p>\n<p><span style=\"font-size: 12pt; font-family: 'book antiqua', palatino, serif; color: #000000;\">Meu ETERNO DEUS&#8230; criador, provedor e mantenedor de tudo que vive!<\/span><\/p>\n<p><span style=\"font-size: 12pt; font-family: 'book antiqua', palatino, serif; color: #000000;\">Solicitamos neste nosso momento, suas B\u00ean\u00e7\u00e3os Celestiais e que Estas nos alcancem, em total&nbsp;<strong><u>receptividade e percep\u00e7\u00e3o<\/u><\/strong>&nbsp;da grandeza de Seu Amor por todos n\u00f3s; e do quanto a Incondicionalidade de Seu Amor, nos faz privilegiados em Prote\u00e7\u00e3o, Bem estar, Intui\u00e7\u00e3o para os embates corriqueiros da vida di\u00e1ria.<\/span><\/p>\n<p><span style=\"font-size: 12pt; font-family: 'book antiqua', palatino, serif; color: #000000;\">Estamos vivendo dias em que os Esp\u00edritos desafortunados pela aus\u00eancia em Deus, encontram-se muito pr\u00f3ximos do plano dos encarnados, como no per\u00edodo da Quaresma.<\/span><\/p>\n<p><span style=\"font-size: 12pt; font-family: 'book antiqua', palatino, serif; color: #000000;\">Ent\u00e3o clamamos pela tua presen\u00e7a em nossas vidas Senhor meu Deus, e que nos ajude a nos manter vigilantes e introspectivos, refletindo nossos \u2018valores\u2019 e \u2018a\u00e7\u00f5es\u2019.&nbsp;<strong>E neste Momento oportuno que consigamos intensificar o nosso v\u00ednculo de amizade com nosso Eterno Deus, por amor e respeito a Sua Divindade e \u00e0 todos os Seus Emiss\u00e1rios.<\/strong>&nbsp;E que esta sintonia em verdade, possa nos favorecer a conex\u00e3o protetora e amiga, \u00e0s situa\u00e7\u00f5es adversas, diante&nbsp;<strong>de almas e esp\u00edritos<\/strong>&nbsp;tumultuados e atormentados, pelas dores morais, ampliadas pela n\u00e3o compreens\u00e3o do verdadeiro prop\u00f3sito da vida. E desse modo nos tornamos fr\u00e1geis, vulner\u00e1veis e ref\u00e9ns do acaso se estivermos vivendo a vida, sem sintonia com o verdadeiro&nbsp;<strong>\u2018sentir\u2019 da Divindade em n\u00f3s.<\/strong><\/span><\/p>\n<p><span style=\"font-size: 12pt; font-family: 'book antiqua', palatino, serif; color: #000000;\">Ent\u00e3o eu solicito amorosamente com simplicidade e humildade: me ajude Senhor meu Deus&#8230;&nbsp;<strong>me ajude a me sentir Protegido<\/strong>&#8230; das oscila\u00e7\u00f5es e maldades do mundo externo e das minhas pr\u00f3prias maldades e oscila\u00e7\u00f5es \u00edntimas, do meu \u2018eu\u2019&#8230;<\/span><\/p>\n<p><span style=\"font-size: 12pt; font-family: 'book antiqua', palatino, serif; color: #000000;\">Meu querido e eterno Deus&nbsp;<strong>me ajude a me sentir na presen\u00e7a de Amigos Espirituais<\/strong>&nbsp;t\u00e3o abnegados e devotados, que favorecer\u00e3o em&nbsp;<strong>minha Alma a PAZ<\/strong>&#8230;<\/span><\/p>\n<p><span style=\"font-size: 12pt; font-family: 'book antiqua', palatino, serif; color: #000000;\">Deus Pai Criador,&nbsp;<strong>me ajude a perceber a verdadeira Intui\u00e7\u00e3o, Inspiradora<\/strong>&nbsp;que ir\u00e1 oportunizar a solu\u00e7\u00e3o ou realiza\u00e7\u00e3o edificante, proporcionando bem estar para minha pessoa e todos os envolvidos&#8230;<\/span><\/p>\n<p><span style=\"font-size: 12pt; font-family: 'book antiqua', palatino, serif; color: #000000;\">Senhor Deus Vivo de Amor Vivo,&nbsp;<strong>me ajude em minha pequenez a me manter focado em viver o Evangelho de Cristo Jesus,<\/strong>&nbsp;nosso Mestre de Luz que soube em Sacro of\u00edcio, Honrar-Te e Louvar-Te! Cientes de que nosso acato as m\u00e1ximas do Evangelho dos Ap\u00f3stolos de Jesus Cristo; ir\u00e1 nos garantir a&nbsp;<strong>harmonia disciplinar<\/strong>&nbsp;para que seja mantido em nossa Alma o \u2018alimento\u2019 e em nossa Consci\u00eancia Cr\u00edstica a \u2018lucidez\u2019 pertinente a devo\u00e7\u00e3o e abnega\u00e7\u00e3o com que reverenciamos nosso Eterno Deus em&nbsp;<strong>Ora\u00e7\u00e3o, alimento Divino<\/strong>&nbsp;\u00e0 toda&nbsp;<strong>cura<\/strong>&nbsp;e solu\u00e7\u00e3o com infinitas possibilidades.<\/span><\/p>\n<p><span style=\"font-size: 12pt; font-family: 'book antiqua', palatino, serif; color: #000000;\">Gratid\u00e3o \u00f3 Eterno pelo seu Amor compassivo e Incondicional a minha pessoa e tudo que vive&#8230; Eterna Gratid\u00e3o e que eu assim possa permanecer, em sintonia com as mil b\u00ean\u00e7\u00e3os de seu infinito e Eterno Cora\u00e7\u00e3o&#8230;&nbsp; Que assim seja e que meu \u2018eu\u2019 em resili\u00eancia assim acate. Am\u00e9m.<\/span><\/p>\n<p>&nbsp;<\/p>\n","protected":false},"excerpt":{"rendered":"<p>PRECE de CONEX\u00c3O com nossa Espiritualidade Prece para todos os dias em especial ao per\u00edodo da QUARESMA Meu ETERNO DEUS&#8230; criador, provedor e mantenedor de tudo que vive! Solicitamos neste nosso momento, suas B\u00ean\u00e7\u00e3os Celestiais e que Estas nos alcancem,&hellip; <\/p>\n","protected":false},"author":1,"featured_media":0,"parent":284,"menu_order":2,"comment_status":"closed","ping_status":"closed","template":"","meta":{"om_disable_all_campaigns":false,"ngg_post_thumbnail":0,"_joinchat":[],"footnotes":""},"aioseo_notices":[],"_links":{"self":[{"href":"https:\/\/casasama.org.br\/index.php\/wp-json\/wp\/v2\/pages\/350"}],"collection":[{"href":"https:\/\/casasama.org.br\/index.php\/wp-json\/wp\/v2\/pages"}],"about":[{"href":"https:\/\/casasama.org.br\/index.php\/wp-json\/wp\/v2\/types\/page"}],"author":[{"embeddable":true,"href":"https:\/\/casasama.org.br\/index.php\/wp-json\/wp\/v2\/users\/1"}],"replies":[{"embeddable":true,"href":"https:\/\/casasama.org.br\/index.php\/wp-json\/wp\/v2\/comments?post=350"}],"version-history":[{"count":2,"href":"https:\/\/casasama.org.br\/index.php\/wp-json\/wp\/v2\/pages\/350\/revisions"}],"predecessor-version":[{"id":354,"href":"https:\/\/casasama.org.br\/index.php\/wp-json\/wp\/v2\/pages\/350\/revisions\/354"}],"up":[{"embeddable":true,"href":"https:\/\/casasama.org.br\/index.php\/wp-json\/wp\/v2\/pages\/284"}],"wp:attachment":[{"href":"https:\/\/casasama.org.br\/index.php\/wp-json\/wp\/v2\/media?parent=350"}],"curies":[{"name":"wp","href":"https:\/\/api.w.org\/{rel}","templated":true}]}}